31002322011 + -2?
31002322003
In base 11, what is -82534 + 1823?
-80811
In base 14, what is -26143d54 - -4?
-26143d50
In base 11, what is 125116 + -2614?
122602
In base 10, what is -2 + -6543841?
-6543843
In base 9, what is 6533428 + -7?
6533421
In base 8, what is 101647 + -322?
101325
In base 7, what is 1524 - -101452?
103306
In base 16, what is 1 - 1cfab4d?
-1cfab4c
In base 9, what is 363276 - -35?
363322
In base 9, what is 18878858 - -21?
18878880
In base 11, what is -1504 + -1925a?
-1a763
In base 13, what is -5 + 33103a?
331035
In base 12, what is -4 - 97a?
-982
In base 12, what is -19b0254 - 0?
-19b0254
In base 2, what is -100 - -1110001110101101110?
1110001110101101010
In base 8, what is -1101174 - -131?
-1101043
In base 13, what is -21b014 - c?
-21b023
In base 3, what is -1001011020 - -210222?
-1000100021
In base 11, what is -371436a + 7?
-3714363
In base 4, what is -120333000120 + -100?
-120333000220
In base 13, what is -284161 - -9?
-284155
In base 7, what is -304361252 - -31?
-304361221
In base 4, what is -10103222230211 + 1?
-10103222230210
In base 16, what is b40 + -e35?
-2f5
In base 7, what is 21344 + -265055?
-243411
In base 8, what is 3 - -232277747?
232277752
In base 4, what is -23323 - 21330100?
-22020023
In base 13, what is 1331 + 9237?
a568
In base 13, what is -b305b - -6?
-b3055
In base 4, what is -3103031 + -221130?
-3330221
In base 5, what is 101133232 - 122?
101133110
In base 8, what is -4 - 43566447?
-43566453
In base 11, what is 1 - -11a62445?
11a62446
In base 10, what is -8 + -3521463?
-3521471
In base 9, what is -6285 - -750?
-5435
In base 10, what is 5 - 27121691?
-27121686
In base 16, what is 1b + -12475c?
-124741
In base 15, what is e48 + 58d?
14d6
In base 11, what is 845379a15 - 4?
845379a11
In base 11, what is 7593a55 - -4?
7593a59
In base 7, what is 110632236012 - -1?
110632236013
In base 12, what is -634 - 18760?
-19194
In base 8, what is 36243656 + -4?
36243652
In base 12, what is -13 + -12725033?
-12725046
In base 7, what is -5063531436 - -2?
-5063531434
In base 4, what is -101000 - 333230?
-1100230
In base 9, what is -7 + -1111330?
-1111337
In base 10, what is 94214 + -13?
94201
In base 2, what is 11010110 - -10110000100111110?
10110001000010100
In base 6, what is 111 - 1441551215?
-1441551104
In base 13, what is -755 - 8373?
-8ac8
In base 10, what is 57256 + 1963?
59219
In base 13, what is -46ba22a + 1?
-46ba229
In base 8, what is 20610545 - -4?
20610551
In base 9, what is 7 - 34835307?
-34835300
In base 7, what is 2350112 - 2141?
2344641
In base 5, what is 413212 + 112223?
1030440
In base 16, what is 278 + -20b94d?
-20b6d5
In base 12, what is 1b5785 + -18?
1b5769
In base 7, what is 14 - -5125314?
5125331
In base 16, what is -1 + -1d8d35?
-1d8d36
In base 9, what is 7 + 2058007?
2058015
In base 8, what is 365 - 2301?
-1714
In base 2, what is -100000101100010001000 - 1100?
-100000101100010010100
In base 8, what is -542 + 20432?
17670
In base 15, what is 21e14 - -67?
21e7b
In base 8, what is -17 - -67246640?
67246621
In base 8, what is -4 - -3172540?
3172534
In base 10, what is -15 + 62206?
62191
In base 9, what is -50430 - 3741?
-54271
In base 7, what is -1 - -2541365330?
2541365326
In base 13, what is 419211ca - -3?
41921200
In base 10, what is 537 - 1148343?
-1147806
In base 16, what is 20ea72 + -a6?
20e9cc
In base 16, what is 29 + -68413?
-683ea
In base 5, what is -430241 - 4212?
-440003
In base 12, what is -b75815 - -4?
-b75811
In base 15, what is -674 - -580c5?
57951
In base 5, what is 232041 + -44120?
132421
In base 6, what is -21113515 + -410?
-21114325
In base 11, what is -2 - 7837924?
-7837926
In base 11, what is -3148 - -27a9?
-44a
In base 14, what is -4080 - -15?
-4069
In base 13, what is -1542 - c30?
-2472
In base 3, what is 20020010 + -2111?
20010122
In base 11, what is -135 + 39aa7?
39972
In base 10, what is 3 - -23161958?
23161961
In base 5, what is -10443 + 2324241?
2313243
In base 16, what is 0 - 3303bc?
-3303bc
In base 8, what is 2333470 + -20?
2333450
In base 4, what is -130331211003 + -213?
-130331211222
In base 3, what is 210212010222 - 210012?
210211100210
In base 7, what is 6025042 - 5021?
6020021
In base 12, what is -ab36 - -329?
-a809
In base 2, what is -10111110001000100 - 100110011?
-10111110101110111
In base 10, what is -69 + -1984036?
-1984105
In base 11, what is -25 + 1863a?
18615
In base 15, what is ce2d19 + 1?
ce2d1a
In base 8, what is 1 + 1033272663?
1033272664
In base 2, what is -1 - 100010001010101100011000?
-100010001010101100011001
In base 5, what is 20340143 + 21?
20340214
In base 6, what is -230112 + -15441?
-245553
In base 4, what is 111300330233 + 0?
111300330233
In base 4, what is -32312213001 - 20?
-32312213021
In base 5, what is 30 - -2331120304?
2331120334
In base 8, what is 330465517 - 2?
330465515
In base 8, what is -604426 - -377?
-604027
In base 16, what is -31 - 1a44b3?
-1a44e4
In base 12, what is -31b032b4 - 2?
-31b032b6
In base 3, what is 210120121 + 212000?
211102121
In base 11, what is 4 - -321a71?
321a75
In base 5, what is -1031032134 + -101?
-1031032240
In base 8, what is 1 + 203630?
203631
In base 14, what is 22390 - d48?
21446
In base 16, what is 4 - -be2cff?
be2d03
In base 10, what is -2 + -43619629?
-43619631
In base 8, what is -113 - -112344?
112231
In base 8, what is 1 - 141635111?
-141635110
In base 16, what is -11e4 + 1739?
555
In base 9, what is 5051570 + -1?
5051568
In base 4, what is -212020 - -222221?
10201
In base 12, what is -2898099 + 0?
-2898099
In base 6, what is -2 - 212501124?
-212501130
In base 12, what is -57b + 17548?
16b89
In base 9, what is 12184 - 374?
11710
In base 7, what is 3 + 36101060?
36101063
In base 10, what is -19612323 - 1?
-19612324
In base 11, what is -53a4001a + 4?
-53a40016
In base 11, what is 28780 + -4763?
24018
In base 15, what is 59 - -3d37b?
3d3d5
In base 9, what is 381 - 2653?
-2262
In base 14, what is 151c - -17?
1535
In base 2, what is -1010111000010 + 1010000001?
-1001101000001
In base 5, what is -10 - -1232112210?
1232112200
In base 9, what is 75 + 30637326?
30637412
In base 5, what is -12234023421 - 2?
-12234023423
In base 5, what is -410141333033 + -10?
-410141333043
In base 9, what is -122627 - 102?
-122730
In base 4, what is -13013013003110 + -2?
-13013013003112
In base 15, what is 1023c0 - 16?
1023a9
In base 13, what is -50 - -1cb127?
1cb0a7
In base 7, what is -205465344 + -32?
-205465406
In base 15, what is -527 - -2dae?
2887
In base 8, what is -23 - 1564525?
-1564550
In base 4, what is 0 - -112233230113?
112233230113
In base 5, what is -2114403240 - 332?
-2114404122
In base 4, what is -10030023033303 - 11?
-10030023033320
In base 16, what is -54a66e8 + 0?
-54a66e8
In base 16, what is -5c + 1e9e6?
1e98a
In base 13, what is -1b602a9b - 3?
-1b602aa1
In base 10, what is 22895 + -530?
22365
In base 13, what is 66 - 13a9a?
-13a34
In base 6, what is 4305 - 42432?
-34123
In base 4, what is 1121 - 1222303321?
-1222302200
In base 2, what is -1010110010101000100 - -11111011?
-1010110010001001001
In base 10, what is -1280404 - -100?
-1280304
In base 8, what is 40606037 - -1?
40606040
In base 16, what is 406 + 1110?
1516
In base 13, what is 12 - -c13898?
c138aa
In base 13, what is 362c549 + 5?
362c551
In base 12, what is -81 + a02b?
9b6a
In base 6, what is 4 + 1401351524?
1401351532
In base 2, what is -1011001011011 - -10101010111101111?
10011111110010100
In base 16, what is -93756 + 3cb?
-9338b
In base 3, what is 10 - -112212021022111?
112212021022121
In base 3, what is -1100 - -1012122202120?
1012122201020
In base 3, what is 20 - 201012212102?
-201012212012
In base 12, what is -50 - 21a96?
-21b26
In base 10, what is 3036 + -207499?
-204463
In base 2, what is 110010000110101100011010 + 0?
110010000110101100011010
In base 10, what is -258 - 234012?
-234270
In base 11, what is -42867 + -1839?
-445a5
In base 12, what is 33a4b31 + -4?
33a4b29
In base 7, what is 30 + 142326113?
142326143
In base 15, what is 204 - e6c5?
-e4c1
In base 9, what is -80 - 338685?
-338775
In base 10, what is -779104478 - 3?
-779104481
In base 4, what is -220331011 - -10133?
-220320212
In base 9, what is 87418830 - -2?
87418832
In base 12, what is 95325767 - -1?
95325768
In base 2, what is 11100101 + -111101110100110100?
-111101110001